{"id":15,"date":"2025-12-15T12:29:48","date_gmt":"2025-12-15T12:29:48","guid":{"rendered":"http:\/\/franciscofernandezcompositions.fr\/?page_id=15"},"modified":"2026-03-24T16:10:39","modified_gmt":"2026-03-24T16:10:39","slug":"compositions","status":"publish","type":"page","link":"https:\/\/franciscofernandezcompositions.fr\/index.php\/compositions\/","title":{"rendered":"COMPOSITIONS"},"content":{"rendered":"\n<p><strong>Edit\u00e9es par<\/strong> ALFONCE PRODUCTION<\/p>\n\n\n\n<p><\/p>\n\n\n\n<figure class=\"wp-block-image size-full is-resized\"><a href=\"https:\/\/www.alfonce-production.com\/\" target=\"_blank\" rel=\" noreferrer noopener\"><img loading=\"lazy\" decoding=\"async\" width=\"225\" height=\"225\" src=\"http:\/\/franciscofernandezcompositions.fr\/wp-content\/uploads\/2025\/12\/logo-alfonce.png\" alt=\"\" class=\"wp-image-17\" style=\"width:272px;height:auto\" srcset=\"https:\/\/franciscofernandezcompositions.fr\/wp-content\/uploads\/2025\/12\/logo-alfonce.png 225w, https:\/\/franciscofernandezcompositions.fr\/wp-content\/uploads\/2025\/12\/logo-alfonce-150x150.png 150w\" sizes=\"auto, (max-width: 225px) 100vw, 225px\" \/><\/a><\/figure>\n\n\n\n<figure class=\"wp-block-gallery has-nested-images columns-default is-cropped wp-block-gallery-1 is-layout-flex wp-block-gallery-is-layout-flex\">\n<figure class=\"wp-block-image size-large\"><a href=\"https:\/\/www.alfonce-production.com\/product-page\/froissure-f-fernandez\" target=\"_blank\" rel=\" noreferrer noopener\"><img loading=\"lazy\" decoding=\"async\" width=\"648\" height=\"706\" data-id=\"28\" src=\"http:\/\/franciscofernandezcompositions.fr\/wp-content\/uploads\/2025\/12\/Froissure.png\" alt=\"\" class=\"wp-image-28\" srcset=\"https:\/\/franciscofernandezcompositions.fr\/wp-content\/uploads\/2025\/12\/Froissure.png 648w, https:\/\/franciscofernandezcompositions.fr\/wp-content\/uploads\/2025\/12\/Froissure-275x300.png 275w\" sizes=\"auto, (max-width: 648px) 100vw, 648px\" \/><\/a><\/figure>\n\n\n\n<figure class=\"wp-block-image size-large\"><a href=\"https:\/\/www.alfonce-production.com\/product-page\/fugue-f-fernandez\" target=\"_blank\" rel=\" noreferrer noopener\"><img loading=\"lazy\" decoding=\"async\" width=\"687\" height=\"688\" data-id=\"30\" src=\"http:\/\/franciscofernandezcompositions.fr\/wp-content\/uploads\/2025\/12\/fugue.png\" alt=\"\" class=\"wp-image-30\" srcset=\"https:\/\/franciscofernandezcompositions.fr\/wp-content\/uploads\/2025\/12\/fugue.png 687w, https:\/\/franciscofernandezcompositions.fr\/wp-content\/uploads\/2025\/12\/fugue-300x300.png 300w, https:\/\/franciscofernandezcompositions.fr\/wp-content\/uploads\/2025\/12\/fugue-150x150.png 150w\" sizes=\"auto, (max-width: 687px) 100vw, 687px\" \/><\/a><\/figure>\n\n\n\n<figure class=\"wp-block-image size-large\"><a href=\"https:\/\/www.alfonce-production.com\/product-page\/por-que-lamentarnos-piano-solo-f-fernandez\" target=\"_blank\" rel=\" noreferrer noopener\"><img loading=\"lazy\" decoding=\"async\" width=\"686\" height=\"698\" data-id=\"33\" src=\"http:\/\/franciscofernandezcompositions.fr\/wp-content\/uploads\/2025\/12\/Porque-solo.png\" alt=\"\" class=\"wp-image-33\" srcset=\"https:\/\/franciscofernandezcompositions.fr\/wp-content\/uploads\/2025\/12\/Porque-solo.png 686w, https:\/\/franciscofernandezcompositions.fr\/wp-content\/uploads\/2025\/12\/Porque-solo-295x300.png 295w\" sizes=\"auto, (max-width: 686px) 100vw, 686px\" \/><\/a><\/figure>\n\n\n\n<figure class=\"wp-block-image size-large\"><a href=\"https:\/\/www.alfonce-production.com\/product-page\/por-que-lamentarnos-f-fernandez\" target=\"_blank\" rel=\" noreferrer noopener\"><img loading=\"lazy\" decoding=\"async\" width=\"692\" height=\"696\" data-id=\"32\" src=\"http:\/\/franciscofernandezcompositions.fr\/wp-content\/uploads\/2025\/12\/Porque.png\" alt=\"\" class=\"wp-image-32\" srcset=\"https:\/\/franciscofernandezcompositions.fr\/wp-content\/uploads\/2025\/12\/Porque.png 692w, https:\/\/franciscofernandezcompositions.fr\/wp-content\/uploads\/2025\/12\/Porque-298x300.png 298w, https:\/\/franciscofernandezcompositions.fr\/wp-content\/uploads\/2025\/12\/Porque-150x150.png 150w\" sizes=\"auto, (max-width: 692px) 100vw, 692px\" \/><\/a><\/figure>\n\n\n\n<figure class=\"wp-block-image size-large\"><a href=\"https:\/\/www.alfonce-production.com\/product-page\/miroirs-en-trompe-l-oeil-f-fernandez\" target=\"_blank\" rel=\" noreferrer noopener\"><img loading=\"lazy\" decoding=\"async\" width=\"662\" height=\"698\" data-id=\"31\" src=\"http:\/\/franciscofernandezcompositions.fr\/wp-content\/uploads\/2025\/12\/miroir.png\" alt=\"\" class=\"wp-image-31\" srcset=\"https:\/\/franciscofernandezcompositions.fr\/wp-content\/uploads\/2025\/12\/miroir.png 662w, https:\/\/franciscofernandezcompositions.fr\/wp-content\/uploads\/2025\/12\/miroir-285x300.png 285w\" sizes=\"auto, (max-width: 662px) 100vw, 662px\" \/><\/a><\/figure>\n\n\n\n<figure class=\"wp-block-image size-large\"><a href=\"https:\/\/www.alfonce-production.com\/product-page\/solo-era-f-fernandez\" target=\"_blank\" rel=\" noreferrer noopener\"><img loading=\"lazy\" decoding=\"async\" width=\"706\" height=\"680\" data-id=\"34\" src=\"http:\/\/franciscofernandezcompositions.fr\/wp-content\/uploads\/2025\/12\/solo.png\" alt=\"\" class=\"wp-image-34\" srcset=\"https:\/\/franciscofernandezcompositions.fr\/wp-content\/uploads\/2025\/12\/solo.png 706w, https:\/\/franciscofernandezcompositions.fr\/wp-content\/uploads\/2025\/12\/solo-300x289.png 300w\" sizes=\"auto, (max-width: 706px) 100vw, 706px\" \/><\/a><\/figure>\n<\/figure>\n\n\n\n<figure class=\"wp-block-gallery has-nested-images columns-default is-cropped wp-block-gallery-2 is-layout-flex wp-block-gallery-is-layout-flex\">\n<figure class=\"wp-block-image size-large\"><a href=\"https:\/\/www.alfonce-production.com\/product-page\/d%C3%A9composition-blues-f-fernandez\" target=\"_blank\" rel=\" noreferrer noopener\"><img loading=\"lazy\" decoding=\"async\" width=\"690\" height=\"576\" data-id=\"40\" src=\"http:\/\/franciscofernandezcompositions.fr\/wp-content\/uploads\/2025\/12\/decomposition-1.png\" alt=\"\" class=\"wp-image-40\" srcset=\"https:\/\/franciscofernandezcompositions.fr\/wp-content\/uploads\/2025\/12\/decomposition-1.png 690w, https:\/\/franciscofernandezcompositions.fr\/wp-content\/uploads\/2025\/12\/decomposition-1-300x250.png 300w\" sizes=\"auto, (max-width: 690px) 100vw, 690px\" \/><\/a><\/figure>\n\n\n\n<figure class=\"wp-block-image size-large\"><a href=\"https:\/\/www.alfonce-production.com\/product-page\/etude-pour-le-vibraphone-f-fernandez\" target=\"_blank\" rel=\" noreferrer noopener\"><img loading=\"lazy\" decoding=\"async\" width=\"687\" height=\"691\" data-id=\"36\" src=\"http:\/\/franciscofernandezcompositions.fr\/wp-content\/uploads\/2025\/12\/etude.png\" alt=\"\" class=\"wp-image-36\" srcset=\"https:\/\/franciscofernandezcompositions.fr\/wp-content\/uploads\/2025\/12\/etude.png 687w, https:\/\/franciscofernandezcompositions.fr\/wp-content\/uploads\/2025\/12\/etude-298x300.png 298w, https:\/\/franciscofernandezcompositions.fr\/wp-content\/uploads\/2025\/12\/etude-150x150.png 150w\" sizes=\"auto, (max-width: 687px) 100vw, 687px\" \/><\/a><\/figure>\n<\/figure>\n\n\n\n<h2 class=\"wp-block-heading\">Edit\u00e9es chez SOLDANO<\/h2>\n\n\n\n<figure class=\"wp-block-image size-full is-resized\"><a href=\"https:\/\/les-editions-soldano.fr\/\" target=\"_blank\" rel=\" noreferrer noopener\"><img loading=\"lazy\" decoding=\"async\" width=\"155\" height=\"60\" src=\"http:\/\/franciscofernandezcompositions.fr\/wp-content\/uploads\/2025\/12\/logo-soldano-155x60-1.png\" alt=\"\" class=\"wp-image-52\" style=\"width:344px;height:auto\"\/><\/a><\/figure>\n\n\n\n<figure class=\"wp-block-gallery has-nested-images columns-default is-cropped wp-block-gallery-3 is-layout-flex wp-block-gallery-is-layout-flex\">\n<figure class=\"wp-block-image size-full\"><a href=\"https:\/\/les-editions-soldano.fr\/produit\/et-si-on-partait-flute-et-piano\" target=\"_blank\" rel=\" noreferrer noopener\"><img loading=\"lazy\" decoding=\"async\" width=\"394\" height=\"556\" data-id=\"146\" src=\"https:\/\/franciscofernandezcompositions.fr\/wp-content\/uploads\/2026\/01\/et-si-flute.jpg\" alt=\"\" class=\"wp-image-146\" srcset=\"https:\/\/franciscofernandezcompositions.fr\/wp-content\/uploads\/2026\/01\/et-si-flute.jpg 394w, https:\/\/franciscofernandezcompositions.fr\/wp-content\/uploads\/2026\/01\/et-si-flute-213x300.jpg 213w\" sizes=\"auto, (max-width: 394px) 100vw, 394px\" \/><\/a><\/figure>\n\n\n\n<figure class=\"wp-block-image size-full\"><a href=\"https:\/\/les-editions-soldano.fr\/produit\/et-si-on-partait-clarinette-en-sib-et-piano\" target=\"_blank\" rel=\" noreferrer noopener\"><img loading=\"lazy\" decoding=\"async\" width=\"394\" height=\"557\" data-id=\"147\" src=\"https:\/\/franciscofernandezcompositions.fr\/wp-content\/uploads\/2026\/01\/et-si-clar.jpg\" alt=\"\" class=\"wp-image-147\" srcset=\"https:\/\/franciscofernandezcompositions.fr\/wp-content\/uploads\/2026\/01\/et-si-clar.jpg 394w, https:\/\/franciscofernandezcompositions.fr\/wp-content\/uploads\/2026\/01\/et-si-clar-212x300.jpg 212w\" sizes=\"auto, (max-width: 394px) 100vw, 394px\" \/><\/a><\/figure>\n<\/figure>\n\n\n\n<figure class=\"wp-block-gallery has-nested-images columns-default is-cropped wp-block-gallery-4 is-layout-flex wp-block-gallery-is-layout-flex\">\n<figure class=\"wp-block-image size-full is-resized\"><a href=\"https:\/\/les-editions-soldano.fr\/produit\/24-aphorismes-piano\" target=\"_blank\" rel=\" noreferrer noopener\"><img loading=\"lazy\" decoding=\"async\" width=\"394\" height=\"556\" data-id=\"145\" src=\"https:\/\/franciscofernandezcompositions.fr\/wp-content\/uploads\/2026\/01\/24-apho.jpg\" alt=\"\" class=\"wp-image-145\" style=\"width:327px;height:auto\" srcset=\"https:\/\/franciscofernandezcompositions.fr\/wp-content\/uploads\/2026\/01\/24-apho.jpg 394w, https:\/\/franciscofernandezcompositions.fr\/wp-content\/uploads\/2026\/01\/24-apho-213x300.jpg 213w\" sizes=\"auto, (max-width: 394px) 100vw, 394px\" \/><\/a><\/figure>\n\n\n\n<figure class=\"wp-block-image size-large\"><a href=\"https:\/\/les-editions-soldano.fr\/produit\/reverie-flute-et-piano\" target=\"_blank\" rel=\" noreferrer noopener\"><img loading=\"lazy\" decoding=\"async\" width=\"394\" height=\"555\" data-id=\"144\" src=\"https:\/\/franciscofernandezcompositions.fr\/wp-content\/uploads\/2026\/01\/reverie.jpg\" alt=\"\" class=\"wp-image-144\" srcset=\"https:\/\/franciscofernandezcompositions.fr\/wp-content\/uploads\/2026\/01\/reverie.jpg 394w, https:\/\/franciscofernandezcompositions.fr\/wp-content\/uploads\/2026\/01\/reverie-213x300.jpg 213w\" sizes=\"auto, (max-width: 394px) 100vw, 394px\" \/><\/a><\/figure>\n<\/figure>\n\n\n\n<figure class=\"wp-block-gallery has-nested-images columns-default is-cropped wp-block-gallery-5 is-layout-flex wp-block-gallery-is-layout-flex\">\n<figure class=\"wp-block-image size-large is-resized\"><a href=\"https:\/\/les-editions-soldano.fr\/produit\/mira-el-mar-piano\" target=\"_blank\" rel=\" noreferrer noopener\"><img loading=\"lazy\" decoding=\"async\" width=\"394\" height=\"556\" data-id=\"149\" src=\"https:\/\/franciscofernandezcompositions.fr\/wp-content\/uploads\/2026\/01\/ES4068-vignette.jpg\" alt=\"\" class=\"wp-image-149\" style=\"width:298px;height:auto\" srcset=\"https:\/\/franciscofernandezcompositions.fr\/wp-content\/uploads\/2026\/01\/ES4068-vignette.jpg 394w, https:\/\/franciscofernandezcompositions.fr\/wp-content\/uploads\/2026\/01\/ES4068-vignette-213x300.jpg 213w\" sizes=\"auto, (max-width: 394px) 100vw, 394px\" \/><\/a><\/figure>\n\n\n\n<figure class=\"wp-block-image size-large is-resized\"><a href=\"https:\/\/les-editions-soldano.fr\/produit\/6-preludes-suspendus-piano\" target=\"_blank\" rel=\" noreferrer noopener\"><img loading=\"lazy\" decoding=\"async\" width=\"213\" height=\"300\" data-id=\"164\" src=\"https:\/\/franciscofernandezcompositions.fr\/wp-content\/uploads\/2026\/03\/6-preludes-suspendus.jpg\" alt=\"\" class=\"wp-image-164\" style=\"width:296px;height:auto\"\/><\/a><\/figure>\n<\/figure>\n\n\n\n<p>Publi\u00e9es chez Sheet Music Direct<\/p>\n\n\n\n<figure class=\"wp-block-gallery has-nested-images columns-default is-cropped wp-block-gallery-6 is-layout-flex wp-block-gallery-is-layout-flex\">\n<figure class=\"wp-block-image size-large is-resized\"><a href=\"https:\/\/www.sheetmusicdirect.com\/en-US\/se\/ID_No\/1113369\/Product.aspx\" target=\"_blank\" rel=\" noreferrer noopener\"><img loading=\"lazy\" decoding=\"async\" width=\"688\" height=\"420\" data-id=\"79\" src=\"http:\/\/franciscofernandezcompositions.fr\/wp-content\/uploads\/2025\/12\/Dentium.png\" alt=\"\" class=\"wp-image-79\" style=\"width:436px;height:auto\" srcset=\"https:\/\/franciscofernandezcompositions.fr\/wp-content\/uploads\/2025\/12\/Dentium.png 688w, https:\/\/franciscofernandezcompositions.fr\/wp-content\/uploads\/2025\/12\/Dentium-300x183.png 300w\" sizes=\"auto, (max-width: 688px) 100vw, 688px\" \/><\/a><\/figure>\n\n\n\n<figure class=\"wp-block-image size-large is-resized\"><a href=\"https:\/\/www.sheetmusicdirect.com\/en-US\/se\/ID_No\/1382455\/Product.aspx\" target=\"_blank\" rel=\" noreferrer noopener\"><img loading=\"lazy\" decoding=\"async\" width=\"692\" height=\"376\" data-id=\"78\" src=\"http:\/\/franciscofernandezcompositions.fr\/wp-content\/uploads\/2025\/12\/Calle-arriba.png\" alt=\"\" class=\"wp-image-78\" style=\"width:466px;height:auto\" srcset=\"https:\/\/franciscofernandezcompositions.fr\/wp-content\/uploads\/2025\/12\/Calle-arriba.png 692w, https:\/\/franciscofernandezcompositions.fr\/wp-content\/uploads\/2025\/12\/Calle-arriba-300x163.png 300w\" sizes=\"auto, (max-width: 692px) 100vw, 692px\" \/><\/a><\/figure>\n<\/figure>\n\n\n\n<figure class=\"wp-block-gallery has-nested-images columns-default is-cropped wp-block-gallery-7 is-layout-flex wp-block-gallery-is-layout-flex\">\n<figure class=\"wp-block-image size-large is-resized\"><a href=\"https:\/\/www.sheetmusicdirect.com\/en-US\/se\/ID_No\/1379940\/Product.aspx\" target=\"_blank\" rel=\" noreferrer noopener\"><img loading=\"lazy\" decoding=\"async\" width=\"687\" height=\"470\" data-id=\"90\" src=\"http:\/\/franciscofernandezcompositions.fr\/wp-content\/uploads\/2025\/12\/Pour-Marie.png\" alt=\"\" class=\"wp-image-90\" style=\"width:406px;height:auto\" srcset=\"https:\/\/franciscofernandezcompositions.fr\/wp-content\/uploads\/2025\/12\/Pour-Marie.png 687w, https:\/\/franciscofernandezcompositions.fr\/wp-content\/uploads\/2025\/12\/Pour-Marie-300x205.png 300w\" sizes=\"auto, (max-width: 687px) 100vw, 687px\" \/><\/a><\/figure>\n\n\n\n<figure class=\"wp-block-image size-large is-resized\"><a href=\"https:\/\/www.sheetmusicdirect.com\/en-US\/se\/ID_No\/1381543\/Product.aspx\" target=\"_blank\" rel=\" noreferrer noopener\"><img loading=\"lazy\" decoding=\"async\" width=\"692\" height=\"312\" data-id=\"80\" src=\"http:\/\/franciscofernandezcompositions.fr\/wp-content\/uploads\/2025\/12\/Deprime.png\" alt=\"\" class=\"wp-image-80\" style=\"width:446px;height:auto\" srcset=\"https:\/\/franciscofernandezcompositions.fr\/wp-content\/uploads\/2025\/12\/Deprime.png 692w, https:\/\/franciscofernandezcompositions.fr\/wp-content\/uploads\/2025\/12\/Deprime-300x135.png 300w\" sizes=\"auto, (max-width: 692px) 100vw, 692px\" \/><\/a><\/figure>\n<\/figure>\n\n\n\n<figure class=\"wp-block-gallery has-nested-images columns-default is-cropped wp-block-gallery-8 is-layout-flex wp-block-gallery-is-layout-flex\">\n<figure class=\"wp-block-image size-large is-resized\"><a href=\"https:\/\/www.sheetmusicdirect.com\/en-US\/se\/ID_No\/1383227\/Product.aspx\" target=\"_blank\" rel=\" noreferrer noopener\"><img loading=\"lazy\" decoding=\"async\" width=\"692\" height=\"402\" data-id=\"86\" src=\"http:\/\/franciscofernandezcompositions.fr\/wp-content\/uploads\/2025\/12\/Valse-1.png\" alt=\"\" class=\"wp-image-86\" style=\"width:392px;height:auto\" srcset=\"https:\/\/franciscofernandezcompositions.fr\/wp-content\/uploads\/2025\/12\/Valse-1.png 692w, https:\/\/franciscofernandezcompositions.fr\/wp-content\/uploads\/2025\/12\/Valse-1-300x174.png 300w\" sizes=\"auto, (max-width: 692px) 100vw, 692px\" \/><\/a><\/figure>\n<\/figure>\n\n\n\n<p><\/p>\n\n\n\n<figure class=\"wp-block-image size-full\"><a href=\"https:\/\/www.sheetmusicdirect.com\/se\/ID_No\/1967601\/Product.aspx\" target=\"_blank\" rel=\" noreferrer noopener\"><img loading=\"lazy\" decoding=\"async\" width=\"510\" height=\"535\" src=\"https:\/\/franciscofernandezcompositions.fr\/wp-content\/uploads\/2026\/03\/Valse-triste.png\" alt=\"\" class=\"wp-image-179\" srcset=\"https:\/\/franciscofernandezcompositions.fr\/wp-content\/uploads\/2026\/03\/Valse-triste.png 510w, https:\/\/franciscofernandezcompositions.fr\/wp-content\/uploads\/2026\/03\/Valse-triste-286x300.png 286w\" sizes=\"auto, (max-width: 510px) 100vw, 510px\" \/><\/a><\/figure>\n","protected":false},"excerpt":{"rendered":"<p>Edit\u00e9es par ALFONCE PRODUCTION Edit\u00e9es chez SOLDANO Publi\u00e9es chez Sheet Music Direct<\/p>\n","protected":false},"author":1,"featured_media":0,"parent":0,"menu_order":0,"comment_status":"closed","ping_status":"closed","template":"","meta":{"footnotes":""},"class_list":["post-15","page","type-page","status-publish","hentry"],"_links":{"self":[{"href":"https:\/\/franciscofernandezcompositions.fr\/index.php\/wp-json\/wp\/v2\/pages\/15","targetHints":{"allow":["GET"]}}],"collection":[{"href":"https:\/\/franciscofernandezcompositions.fr\/index.php\/wp-json\/wp\/v2\/pages"}],"about":[{"href":"https:\/\/franciscofernandezcompositions.fr\/index.php\/wp-json\/wp\/v2\/types\/page"}],"author":[{"embeddable":true,"href":"https:\/\/franciscofernandezcompositions.fr\/index.php\/wp-json\/wp\/v2\/users\/1"}],"replies":[{"embeddable":true,"href":"https:\/\/franciscofernandezcompositions.fr\/index.php\/wp-json\/wp\/v2\/comments?post=15"}],"version-history":[{"count":41,"href":"https:\/\/franciscofernandezcompositions.fr\/index.php\/wp-json\/wp\/v2\/pages\/15\/revisions"}],"predecessor-version":[{"id":188,"href":"https:\/\/franciscofernandezcompositions.fr\/index.php\/wp-json\/wp\/v2\/pages\/15\/revisions\/188"}],"wp:attachment":[{"href":"https:\/\/franciscofernandezcompositions.fr\/index.php\/wp-json\/wp\/v2\/media?parent=15"}],"curies":[{"name":"wp","href":"https:\/\/api.w.org\/{rel}","templated":true}]}}