{"id":49,"date":"2025-12-16T10:30:59","date_gmt":"2025-12-16T10:30:59","guid":{"rendered":"http:\/\/franciscofernandezcompositions.fr\/?page_id=49"},"modified":"2026-01-09T16:48:57","modified_gmt":"2026-01-09T16:48:57","slug":"francisco","status":"publish","type":"page","link":"https:\/\/franciscofernandezcompositions.fr\/","title":{"rendered":"FRANCISCO FERNANDEZ COMPOSITEUR"},"content":{"rendered":"\n<p><\/p>\n\n\n\n<figure class=\"wp-block-image size-full is-resized\"><img loading=\"lazy\" decoding=\"async\" width=\"640\" height=\"960\" src=\"http:\/\/franciscofernandezcompositions.fr\/wp-content\/uploads\/2025\/12\/photo.jpg\" alt=\"\" class=\"wp-image-9\" style=\"width:143px;height:auto\" srcset=\"https:\/\/franciscofernandezcompositions.fr\/wp-content\/uploads\/2025\/12\/photo.jpg 640w, https:\/\/franciscofernandezcompositions.fr\/wp-content\/uploads\/2025\/12\/photo-200x300.jpg 200w\" sizes=\"auto, (max-width: 640px) 100vw, 640px\" \/><\/figure>\n\n\n\n<div class=\"wp-block-group is-nowrap is-layout-flex wp-container-core-group-is-layout-6c531013 wp-block-group-is-layout-flex\">\n<p>Francisco FERNANDEZ n\u00e9 en 1960.<br>Pianiste, compositeur et enseignant.<br>D\u00e9buts professionnels dans les ann\u00e9es 80 comme pianiste de jazz sur la sc\u00e8ne bordelaise, intermittent du spectacle.<br>A partir des ann\u00e9es 90,\u00a0enseignement du piano dans diff\u00e9rentes structures, \u00e9coles de musiques associatives, priv\u00e9es, municipales tout en poursuivant ses concerts comme pianiste de jazz, pianiste classique <br>Dans les ann\u00e9es 2000, composition de musiques de documentaires et de dessins anim\u00e9s. Depuis, cr\u00e9ation de pi\u00e8ces pour la\u00a0percussion , le piano et diff\u00e9rents ensembles.<\/p>\n<\/div>\n\n\n\n<p><\/p>\n","protected":false},"excerpt":{"rendered":"<p>Francisco FERNANDEZ n\u00e9 en 1960.Pianiste, compositeur et enseignant.D\u00e9buts professionnels dans les ann\u00e9es 80 comme pianiste de jazz sur la sc\u00e8ne bordelaise, intermittent du spectacle.A partir des ann\u00e9es 90,\u00a0enseignement du piano dans diff\u00e9rentes structures, \u00e9coles de musiques associatives, priv\u00e9es, municipales tout en poursuivant ses concerts comme pianiste de jazz, pianiste classique Dans les ann\u00e9es 2000, composition [&hellip;]<\/p>\n","protected":false},"author":1,"featured_media":0,"parent":0,"menu_order":0,"comment_status":"closed","ping_status":"closed","template":"","meta":{"footnotes":""},"class_list":["post-49","page","type-page","status-publish","hentry"],"_links":{"self":[{"href":"https:\/\/franciscofernandezcompositions.fr\/index.php\/wp-json\/wp\/v2\/pages\/49","targetHints":{"allow":["GET"]}}],"collection":[{"href":"https:\/\/franciscofernandezcompositions.fr\/index.php\/wp-json\/wp\/v2\/pages"}],"about":[{"href":"https:\/\/franciscofernandezcompositions.fr\/index.php\/wp-json\/wp\/v2\/types\/page"}],"author":[{"embeddable":true,"href":"https:\/\/franciscofernandezcompositions.fr\/index.php\/wp-json\/wp\/v2\/users\/1"}],"replies":[{"embeddable":true,"href":"https:\/\/franciscofernandezcompositions.fr\/index.php\/wp-json\/wp\/v2\/comments?post=49"}],"version-history":[{"count":11,"href":"https:\/\/franciscofernandezcompositions.fr\/index.php\/wp-json\/wp\/v2\/pages\/49\/revisions"}],"predecessor-version":[{"id":141,"href":"https:\/\/franciscofernandezcompositions.fr\/index.php\/wp-json\/wp\/v2\/pages\/49\/revisions\/141"}],"wp:attachment":[{"href":"https:\/\/franciscofernandezcompositions.fr\/index.php\/wp-json\/wp\/v2\/media?parent=49"}],"curies":[{"name":"wp","href":"https:\/\/api.w.org\/{rel}","templated":true}]}}